inder when 33005 is divided by 550.
5
Calculate the remainder when 4086 is divided by 830.
766
Calculate the remainder when 79748 is divided by 125.
123
What is the remainder when 270931 is divided by 45150?
31
What is the remainder when 3785 is divided by 148?
85
Calculate the remainder when 16664 is divided by 4164.
8
Calculate the remainder when 2480 is divided by 16.
0
What is the remainder when 18204 is divided by 415?
359
What is the remainder when 2116554 is divided by 676?
674
What is the remainder when 55794 is divided by 100?
94
Calculate the remainder when 85209 is divided by 31.
21
Calculate the remainder when 35252 is divided by 78.
74
Calculate the remainder when 390 is divided by 163.
64
Calculate the remainder when 2808 is divided by 2686.
122
What is the remainder when 12082 is divided by 2355?
307
Calculate the remainder when 1783415 is divided by 228.
227
Calculate the remainder when 122434 is divided by 183.
7
What is the remainder when 6798 is divided by 2247?
57
What is the remainder when 36922 is divided by 12306?
4
What is the remainder when 239753 is divided by 1131?
1112
Calculate the remainder when 6375 is divided by 912.
903
Calculate the remainder when 21534 is divided by 56.
30
What is the remainder when 687 is divided by 11?
5
What is the remainder when 39463 is divided by 13033?
364
Calculate the remainder when 959 is divided by 107.
103
What is the remainder when 19780 is divided by 495?
475
Calculate the remainder when 134066 is divided by 8937.
11
What is the remainder when 2122 is divided by 352?
10
What is the remainder when 2949 is divided by 623?
457
What is the remainder when 436473 is divided by 221?
219
What is the remainder when 720746 is divided by 17?
14
Calculate the remainder when 622401 is divided by 204.
201
What is the remainder when 4633 is divided by 218?
55
Calculate the remainder when 2816 is divided by 176.
0
What is the remainder when 4573 is divided by 613?
282
What is the remainder when 8119 is divided by 4055?
9
Calculate the remainder when 46100 is divided by 109.
102
What is the remainder when 2164 is divided by 21?
1
Calculate the remainder when 3424 is divided by 1629.
166
Calculate the remainder when 18616 is divided by 158.
130
What is the remainder when 53659 is divided by 10715?
84
What is the remainder when 23934 is divided by 542?
86
What is the remainder when 6982 is divided by 1910?
1252
What is the remainder when 1879 is divided by 121?
64
Calculate the remainder when 25163 is divided by 1934.
21
What is the remainder when 14203 is divided by 216?
163
What is the remainder when 13853 is divided by 18?
11
Calculate the remainder when 4242 is divided by 26.
4
Calculate the remainder when 3539 is divided by 571.
113
What is the remainder when 1196 is divided by 349?
149
What is the remainder when 3573550 is divided by 205?
195
Calculate the remainder when 921 is divided by 209.
85
Calculate the remainder when 40472 is divided by 738.
620
Calculate the remainder when 2411 is divided by 763.
122
What is the remainder when 441952 is divided by 279?
16
Calculate the remainder when 48137 is divided by 12.
5
Calculate the remainder when 56845 is divided by 3341.
48
What is the remainder when 20937 is divided by 58?
57
What is the remainder when 30153 is divided by 321?
300
What is the remainder when 317638 is divided by 18?
10
What is the remainder when 414959 is divided by 5?
4
Calculate the remainder when 576825 is divided by 756.
753
What is the remainder when 656649 is divided by 1824?
9
Calculate the remainder when 112329 is divided by 239.
238
Calculate the remainder when 74332 is divided by 18581.
8
What is the remainder when 27961 is divided by 1874?
1725
What is the remainder when 1349 is divided by 378?
215
What is the remainder when 622469 is divided by 62?
51
What is the remainder when 40249 is divided by 7?
6
Calculate the remainder when 11337 is divided by 90.
87
What is the remainder when 162742 is divided by 198?
184
What is the remainder when 54311 is divided by 3394?
7
What is the remainder when 102538 is divided by 2446?
2252
What is the remainder when 96975 is divided by 48447?
81
What is the remainder when 27382 is divided by 193?
169
Calculate the remainder when 366129 is divided by 270.
9
Calculate the remainder when 4058 is divided by 40.
18
Calculate the remainder when 38117 is divided by 5430.
107
Calculate the remainder when 64022 is divided by 832.
790
Calculate the remainder when 1221031 is divided by 36.
19
What is the remainder when 17237 is divided by 4296?
53
Calculate the remainder when 722 is divided by 347.
28
Calculate the remainder when 21766 is divided by 10589.
588
Calculate the remainder when 16979 is divided by 309.
293
Calculate the remainder when 117093 is divided by 34.
31
Calculate the remainder when 32321 is divided by 389.
34
Calculate the remainder when 49400 is divided by 240.
200
Calculate the remainder when 46112 is divided by 745.
667
Calculate the remainder when 5047 is divided by 1009.
2
What is the remainder when 4204 is divided by 4140?
64
What is the remainder when 18794 is divided by 393?
323
What is the remainder when 2653784 is divided by 1306?
1298
Calculate the remainder when 196870 is divided by 2095.
2035
What is the remainder when 53674 is divided by 244?
238
What is the remainder when 9654 is divided by 23?
17
What is the remainder when 5661 is divided by 65?
6
What is the remainder when 12876 is divided by 15?
6
What is the remainder when 1711 is divided by 349?
315
What is the remainder when 7310 is divided by 16?
14
What is the remainder when 75029 is divided by 1446?
1283
What is the remainder when 811 is divided by 555?
256
What is the remainder when 356 is divided by 26?
18
Calculate the remainder when 5508948 is divided by 239.
237
Calculate the remainder when 430670 is divided by 89.
88
Calculate the remainder when 5417 is divided by 96.
41
Calculate the remainder when 16327 is divided by 16317.
10
What is the remainder when 9336 is divided by 202?
44
What is the remainder when 3145 is divided by 10?
5
What is the remainder when 12056 is divided by 11997?
59
What is the remainder when 1190951 is divided by 68?
67
Calculate the remainder when 12078 is divided by 16.
14
What is the remainder when 64478 is divided by 454?
10
Calculate the remainder when 1912 is divided by 17.
8
Calculate the remainder when 1635262 is divided by 544.
542
Calculate the remainder when 62729 is divided by 3484.
17
What is the remainder when 27031 is divided by 36?
31
Calculate the remainder when 8468 is divided by 75.
68
What is the remainder when 1423292 is divided by 576?
572
What is the remainder when 230 is divided by 23?
0
Calculate the remainder when 4653 is divided by 65.
38
What is the remainder when 42401 is divided by 39?
8
Calculate the remainder when 260 is divided by 63.
8
What is the remainder when 623612 is divided by 812?
808
Calculate the remainder when 604355 is divided by 116.
111
What is the remainder when 52644 is divided by 121?
9
What is the remainder when 152149 is divided by 711?
706
Calculate the remainder when 13489 is divided by 194.
103
Calculate the remainder when 332 is divided by 247.
85
What is the remainder when 4520 is divided by 421?
310
Calculate the remainder when 268346 is divided by 20642.
0
Calculate the remainder when 115557 is divided by 216.
213
Calculate the remainder when 16569 is divided by 13.
7
What is the remainder when 34763 is divided by 115?
33
Calculate the remainder when 971 is divided by 240.
11
Calculate the remainder when 607 is divided by 8.
7
What is the remainder when 298319 is divided by 264?
263
Calculate the remainder when 9076 is divided by 2181.
352
What is the remainder when 5380 is divided by 78?
76
Calculate the remainder when 10823 is divided by 2164.
3
What is the remainder when 26512 is divided by 2650?
12
What is the remainder when 17843 is divided by 64?
51
Calculate the remainder when 3789 is divided by 944.
13
Calculate the remainder when 5354 is divided by 411.
11
Calculate the remainder when 26753 is divided by 101.
89
What is the remainder when 349975 is divided by 902?
901
Calculate the remainder when 382885 is divided by 76.
73
Calculate the remai